nits digit of w?
8
Let k(y) = 2*y**2 - 4*y + 3. What is the tens digit of k(4)?
1
Let o = -87 + 214. What is the tens digit of o?
2
Suppose c = -0 + 2. Suppose c*n - n - 3 = 0. Suppose 4*b = n*t - 0*b - 2, 4*t + 5*b - 44 = 0. What is the units digit of t?
6
Suppose -5*u + 5*s = 0, -8 = 5*u + 4*s - 53. What is the units digit of u?
5
Let t = 7 - 9. Let z = t + 11. What is the units digit of z?
9
Let t(p) = -p**2 - p + 12. Let x be t(5). What is the units digit of (-328)/x + (-6)/27?
8
Suppose 0 = -4*a + 4*v - 16, -a + v = 6*v - 20. Suppose 2*k + 56 = 3*f, a*f - 2*k = -4*f + 72. What is the tens digit of f?
1
Suppose -5*w = 4*u - 168, -28 = -3*u - 2*w + 98. What is the units digit of u?
2
Suppose 0*y - 5*y + 190 = 0. Suppose 5*f + 2*z - 38 - y = 0, -z - 67 = -5*f. What is the units digit of f?
4
Let p(v) = 5*v + 3. Let a be p(-3). Let r be 2*(-3)/a*0. Suppose -26 = -3*i - r*x - x, 0 = 2*x - 4. What is the units digit of i?
8
Suppose 5*q - 174 = 46. What is the units digit of q?
4
Let a(q) = -q**2 + 11. What is the tens digit of a(0)?
1
What is the tens digit of (-438)/(-14) - 10/35?
3
Let n(b) = b**3 - 4*b**2 - 10*b - 8. Let l be n(6). Suppose 35 = l*p + c, 5*p + 4*c - 41 = 11. What is the units digit of p?
8
What is the units digit of (3 - -85) + 2 + -1?
9
Let b(m) = 2*m**2 + m. Suppose 2*q = -q + 12. Let a be b(q). What is the units digit of (-8)/a + (-101)/(-9)?
1
Let v(j) = 3*j - 1. Let a be v(1). Let k = a - 6. What is the units digit of (16/20)/(k/(-10))?
2
Let x(p) = -p**2 + 13. Let i be x(0). Let v = i - 8. Suppose -48 = -v*o + o. What is the tens digit of o?
1
Let k(u) = -2*u - 7. Let o be k(-6). Let z = o + 0. What is the units digit of z?
5
Suppose -2*s + 151 - 3 = 0. What is the tens digit of s?
7
Let a = -1 - -7. What is the units digit of a?
6
Let n(l) = 10*l - 6. Let v(s) = -s**3 - 11*s**2 + 3. Let o be v(-11). What is the units digit of n(o)?
4
Let s(i) = -5*i**2 - 5*i - 9. Let d(p) = 9*p**2 + 9*p + 17. Let o(y) = -6*d(y) - 11*s(y). What is the units digit of o(4)?
7
Suppose 5*a + 2*z + 17 = z, z = -2*a - 5. Let d be ((-12)/8)/(3/a). Suppose d*y + y - 21 = 0. What is the units digit of y?
7
Suppose l + 786 = 4*q, -5 = 2*l - 1. What is the units digit of q?
6
What is the tens digit of 1149/5 - (217/(-35) - -6)?
3
Suppose 2*z = -5*o + 123, -2*z - 3*o = -0*z - 133. What is the tens digit of z?
7
Let w(z) = 21*z - 3. Let o(q) = 10*q - 1. Let d(p) = 13*o(p) - 6*w(p). What is the tens digit of d(6)?
2
Let o = -10 - -25. Let s = -9 + o. What is the units digit of s?
6
Suppose -p - 2*j = -9, 6 = 3*p - 5*j + 4*j. Let h be (5/2)/((-1)/(-2)). Suppose -2*l + h = -p. What is the units digit of l?
4
Suppose -7*g - 4*g + 462 = 0. What is the units digit of g?
2
Let g(w) = -w + 8. Let f be g(5). Let y be (2/(-4))/(f/(-30)). What is the units digit of 24/10 + (-2)/y?
2
Let j(t) = -t**2 + 7*t - 6. Let h(g) = 2*g**2 - 2*g - 3. Let i be h(3). Suppose -4*l - 12 = -q, -i = q + 5*l - 3. What is the units digit of j(q)?
6
Suppose 0 = -3*j + 5*j - 8. Suppose 78 = j*y - 10. What is the units digit of y?
2
Suppose -2*t - 6 = t, 2*m = -4*t + 44. What is the units digit of m?
6
Suppose 6*h = 44 + 412. What is the tens digit of h?
7
Suppose -3*d = 2*b - 270, 284 = 2*b - 2*d - 6. What is the tens digit of b?
4
Let u(q) = q**3 + 4*q**2 - q + 2. Let o be u(-4). Let a(l) = 9*l + 2*l - 12*l + o. What is the tens digit of a(-8)?
1
Let a be (-55)/(-45) + (-4)/18. Let n(v) = 4*v**3 - 1. What is the units digit of n(a)?
3
Suppose -5 + 0 = -x. Suppose 4 + x = c. What is the units digit of c?
9
Let b be (6/7)/((-4)/(-112)). Suppose 0*q = -3*q + b. What is the units digit of q?
8
Suppose 4*k - 243 - 317 = 0. What is the hundreds digit of k?
1
Suppose 54 = 10*v - 9*v. What is the units digit of v?
4
Let m(c) = c**3 + 8*c**2 + 8*c + 3. Let z be m(-7). Let w = 9 + z. Suppose -w*b + 3*b + 23 = r, -3*b - 4*r + 32 = 0. What is the units digit of b?
2
Let j be 5/2*(-4)/(-5). Suppose -2*u - 3*n + 8 = 0, -u - j = -3*n - 6. Suppose -3 = k + 4*w, -u*w = 4*k - 28 - 8. What is the tens digit of k?
1
Let j = 16 - 14. Suppose 0 = -j*x - 2*x + 8, 5*n = 2*x + 126. What is the tens digit of n?
2
Let p(r) = 6*r**2 + 3*r**3 - 3*r**3 + r**3 + 1 - r. Let y = -7 + 1. What is the units digit of p(y)?
7
Suppose -5*t - 686 = 4*l, 5*l - 64 = 4*t + 493. Let k be 3/(-6) - t/4. Suppose -k = -5*n + 6. What is the units digit of n?
8
Suppose 12 = 6*a - 2*a. Suppose c - 1 = 0, -2*c + 123 = 4*u - 23. Suppose -p - a*p + u = 0. What is the units digit of p?
9
Suppose -13 = -2*f + 49. What is the units digit of f?
1
Suppose 4*t = -a + 13, 4*a + t - 74 = 38. What is the units digit of a?
9
Let a(y) = 9*y**2 - 1 - 8*y**2 + 16*y**2 + 2*y - y. What is the tens digit of a(1)?
1
Let j = 61 - 31. What is the tens digit of j?
3
Suppose 0 = -4*d - d - 4*x - 6, 4*d - 5*x - 28 = 0. Suppose d*z - z - 16 = 0. What is the tens digit of z?
1
Let c(p) = p + 7. Let v be c(-6). What is the tens digit of -11*(-2 - (-2 + v))?
1
Suppose 5*v + 0*v - 5 = 0. What is the units digit of v?
1
Let o(u) = 2*u + 3*u**2 - 2 + 2*u**2 - 4*u**2 + 0*u. What is the units digit of o(2)?
6
Let z(j) = -j**3 + 2*j**2 - 3*j + 3. Let m be z(2). Let u be m - (3/(-3) - 5). Suppose 2*p + u*p - 15 = 0. What is the units digit of p?
3
Let i = 3 - 2. Let u(q) = -67 + 4*q + 66 + q. What is the units digit of u(i)?
4
What is the units digit of (-3 + 2 - -16)*2/5?
6
Let v = 93 - 59. What is the units digit of v?
4
Let m be 96 + (3 - 4) + 0. Let c = -55 + m. What is the units digit of c?
0
Suppose 467 = 3*q - 238. What is the tens digit of q?
3
Suppose 4*d - 4*a = 24, -3*a - 3 = 3. What is the units digit of d?
4
Let a = 0 - -16. Suppose 0*g = -2*g + a. What is the units digit of g?
8
Let b(t) = -t - 8. Let s be b(-4). What is the tens digit of s/((12/(-21))/2)?
1
What is the units digit of (15/6 + 0)*10?
5
Let k(h) = h**3 - 5*h**2 + h - 4. Let c be k(5). Suppose 4*v - 2*v - 9 = n, 0 = -5*v - 3*n + 6. Suppose c = -w + v. What is the units digit of w?
2
Let b = -17 + 7. Let i be (4/b)/(2/40). Let v = i - -17. What is the units digit of v?
9
Let u(i) = i**3 - 11*i**2. Let s be u(11). Suppose s = 4*z - z + 3. Let f(t) = -13*t**3. What is the tens digit of f(z)?
1
Let n(a) = a + 1. Let x = -39 - -17. Let t be (2 - x/(-8))*-8. What is the units digit of n(t)?
7
Let j = 40 + -8. What is the units digit of j?
2
What is the tens digit of 12/(-42) + 4/14 - -28?
2
Let j = 2 + 0. Suppose -j*s = -4*s + 20. Let o = s - 0. What is the units digit of o?
0
Suppose 87 = -i - 2*i. Let u be (i + -5)*1/(-2). Suppose 5*g - u = -2*z, -g = 3*g + 4*z - 16. What is the units digit of g?
3
What is the hundreds digit of 21/(-14)*232/(-3)?
1
Suppose -79 = -3*h + 20. What is the tens digit of h?
3
Suppose -4*z - 2*c = -94, -5*z - 2*c + 110 = 2*c. Suppose z = x + 3*v, -4*v - 32 = -x - x. What is the tens digit of x?
2
Suppose -2*q - 8 = -v, 0*q - 22 = -5*v + q. Suppose -v*o = w + 13, -3*w - o + 36 = -4*o. What is the units digit of w?
7
Suppose 5*o = 4*w - 5*w + 34, 18 = o + 3*w. What is the tens digit of 4/((o/5)/3)?
1
Suppose -3*x + 21 = -0*x. Suppose -x*f + 4*f + 69 = 0. What is the tens digit of f?
2
Let l(u) = -u**3 - 6*u**2 - 7*u - 5. Let h be l(-5). What is the units digit of 3/h*(8 + 2)?
6
Let s be -1 - -18 - (0 + -3). Let z = s - 12. What is the units digit of z?
8
Suppose 0 = 2*o - 7*o + 200. What is the units digit of o?
0
Suppose -22 = -5*b - 7. Let h = -2 + b. What is the units digit of 0 - h - (2 + -5)?
2
Let l(f) = 2*f. Let s be l(1). What is the units digit of (-22)/(-5) + s/(-5)?
4
Let s = 7 + -3. What is the tens digit of 112/21*15/s?
2
Let r(u) = 4*u**2 + 2*u - 1. Let p(v) = 2*v**2 + 2*v - 2. Let b be p(-2). Let z be r(b). Suppose 5*n + 15 = 2*a, 5*a + n = a + z. What is the units digit of a?
5
Let t = 129 + -66. What is the tens digit of t?
6
Let h(x) = -5*x + 4. What is the tens digit of h(-6)?
3
Suppose 5*y + 25 = q, q + 3*q + 4*y - 28 = 0. Let w(h) = h**3 - 9*h**2 - 11*h + 15. What is the units digit of w(q)?
5
Suppose -5*w - 1 = -4*v - 4, -5*w = 3*v + 11. Let f be (0/(-8))/(6/v). Suppose 5 = n - f. What is the units digit of n?
5
Suppose 2*w + 5*g - 4 = -w, 2*g + 8 = 2*w. Suppose -4*u = -3*u + 5*r - 17, -2*r = -w*u. What is the units digit of u?
2
Let f = -12